-9 + 1/4*f**4 + 6*f + 3/2*f**2 - f**3. What is the tens digit of x(5)?
7
Let i(o) = 33*o**2 + 64*o - 602. What is the tens digit of i(18)?
4
Suppose 190 - 70 = 4*w. Let p be (-1 + -34)*72/w. What is the units digit of (-14)/p + 538/12?
5
Let h = -80035 + 128200. What is the hundreds digit of h?
1
Suppose j = -379 - 17. What is the units digit of 5/(-5) - -3 - j?
8
Suppose 5*s - 8*z - 10100 = -12*z, 0 = -5*s + 3*z + 10100. What is the tens digit of s?
2
Suppose 17*l - 288 = 13*l. What is the units digit of (6/(-7))/((l/(-2632))/9)?
2
Let r(j) = j**3 + 49*j**2 - 114*j - 109. Let z be r(-48). Suppose -11*v = -z - 1254. What is the units digit of v?
1
Suppose 91*j = 88*j + 9, j = -3*n + 21822. What is the tens digit of n?
7
Let y = -94 + 96. Suppose 0 = 5*w + y*h + 44, h + 17 = -3*w - 10. What is the units digit of 5/(5 - w)*489?
3
Let n = 7 + -9. Let c be (1 - 2)/(-1) + (-1 - -94). What is the units digit of c + (-1 - (n - -5))?
0
Suppose -3*q = -3*u + 2*q - 7, 2*q - 8 = -4*u. Suppose -j + p + 34 - u = 0, 4*p = 8. Let a = 31 + j. What is the units digit of a?
6
Suppose 0 = 5*l - 2*d - 26821, 5*l + 3*d = 11404 + 15402. What is the thousands digit of l?
5
Suppose -5*s - 4*m = -73115, -2*s + 29248 = 36*m - 34*m. What is the tens digit of s?
1
Let k = 69931 - 38676. What is the tens digit of k?
5
Suppose 2*s - 2*t + 6 = 4, -3*t + 19 = s. Suppose -4*g = -4, -3*g = s*f + 1 - 16. Suppose 4*o = 5*i - 750, 2*i + 3*i - f*o = 745. What is the units digit of i?
6
Let o(i) = 2*i - 10. Let c be o(3). Let n be 160 - ((c - -2) + 4). Let v = n - 90. What is the units digit of v?
8
Suppose -17*g + 20*g - 15 = 0. Suppose -107 = -3*w - 2*h, -g*w - h = 2*h - 179. Let x = w + -4. What is the tens digit of x?
3
Suppose 3794 - 527 = 3*m. Let z(p) = p**3 - p**2 + p - 2. Let t be z(2). Suppose -t*i - 7*i + m = 0. What is the tens digit of i?
9
Let c = 459 + 73662. What is the units digit of c?
1
Suppose -c + 3*r = 16, -2*c - c = -r + 24. Let b = c + 25. Suppose 16*j - b*j + 232 = 0. What is the units digit of j?
6
Let o(k) = k**2 - 296*k + 1211. What is the thousands digit of o(0)?
1
Let d = 162 - 164. What is the tens digit of (3/d)/((-114)/60116)?
9
What is the units digit of (24 - 9)*4/40*15146/3?
3
What is the thousands digit of (-6)/((6/171099)/(8/24)*-3)?
9
Let x(o) = 0 - o**2 + 4*o**2 - 2 - 2*o**2 + 6*o. Let v be x(-4). Let m(i) = -12*i - 15. What is the tens digit of m(v)?
0
Suppose -2499371 = -50*o - 192*o + 3644767. What is the hundreds digit of o?
3
Let i(w) = -w**3 + 4*w**2 + 5*w + 5. Let z be i(5). Suppose z*d - 11*d = -6. What is the units digit of d + 2 + -2 + 49?
0
Let h(w) = -13808*w + 162. What is the thousands digit of h(-1)?
3
Let h(x) = 1326*x**2 - 4*x - 3. Suppose -6*b + 29 - 35 = 0. What is the tens digit of h(b)?
2
Suppose 0 = -d + 5*c - 0*c - 17667, 4*d + 70596 = -4*c. Let z = d - -7202. What is the tens digit of 4/(-7) + z/(-133)?
7
Let b be 229 + 10 - (0 + (0 - -2)). Let u be (10/6 + 1)*-63. Let k = b + u. What is the tens digit of k?
6
Let v = -5673 + 44595. What is the tens digit of v?
2
Suppose -3*y = 68 + 136. Let f = 56 + y. Let k(u) = u**3 + 13*u**2 + 4*u + 22. What is the units digit of k(f)?
8
Let g = -6764 - -11414. Suppose 30 = 4*w - g. What is the hundreds digit of (2/5)/(1173/w + -1)?
1
What is the ten thousands digit of ((-3)/(3/82))/(21108/2112 + -10)?
1
Suppose 3*b - 4*u - 323 = u, 8 = 4*u. Let j(n) = -5*n**2 + 0 + 60 + 3*n + 4*n**2 + b. What is the hundreds digit of j(0)?
1
What is the thousands digit of -19 - -12 - -28912 - 15?
8
Suppose -32*y = 69*y - 654480. What is the units digit of y?
0
Let m = -19794 - -29015. What is the thousands digit of m?
9
Suppose 0 = -2*b + 2*p + 10532, -3*b - p + 45 = -15757. What is the hundreds digit of b?
2
Let j(r) = -r**2 + 4*r - 6. Let m be j(2). Let k be (-27)/(-18) + -3*m/12. Suppose -k*z + 336 = z. What is the hundreds digit of z?
1
Suppose 38*w - 43*w = 4*k - 10, 0 = -2*w - k + 4. Suppose -w*a = 33*d - 34*d - 1071, -3*d + 532 = a. What is the tens digit of a?
3
Suppose -15*v + 11*v = -8. Suppose -3*k - 330 = 2*h + 233, -v*h - 528 = -4*k. Let n = h + 477. What is the hundreds digit of n?
2
Suppose 0 = 54*r - 55*r + 28. Suppose 2*k + 182 = l, 2*k - r - 542 = -3*l. What is the tens digit of l?
8
Let x(a) = -230*a - 2237. What is the tens digit of x(-48)?
0
Suppose -167*k + 168*k - 5303 = 0. What is the tens digit of k?
0
Suppose 14*f - 9041 = 19771. Suppose -5*i = -5*y + 3470, 5*i - f = -2*y - y. What is the units digit of y?
1
What is the thousands digit of (22542/(-117))/((-2959)/(-423) + -7)?
0
Suppose -4*w - 3*m + 14767 = 0, 4*w - 4*m - m = 14759. What is the hundreds digit of w?
6
What is the thousands digit of 4328/(-12)*-30 + 2 + 1?
0
Let b(z) = -z + 21. Let r be b(-15). Suppose -2*k + r = -2*l, 0*k + 5*l = -5*k + 60. Suppose k = 2*p - 85. What is the tens digit of p?
5
Let w = 19226 + -8398. What is the thousands digit of w?
0
Suppose 0 = 22*i - 132 - 44. Let c(a) = 20*a**2 - 4*a + 38. What is the tens digit of c(i)?
8
Let y(o) = 2521*o - 80. What is the units digit of y(3)?
3
Let v(p) be the first derivative of p**4/4 - 4*p**3/3 + 4*p**2 - 6*p + 75. What is the tens digit of v(4)?
2
Let o(t) = -5*t. Let h be o(-1). Suppose 3*x = -9, -6 = -0*w - 5*w - 3*x. Suppose -w + 8 = h*n. What is the units digit of n?
1
What is the units digit of (3 - 13)/((-18)/(-3)) + (-149224)/(-6)?
9
Let a = 15497 - 3249. What is the units digit of a?
8
Let y(i) = 14926*i**2 - 89*i + 3. What is the ten thousands digit of y(-1)?
1
Suppose 11 + 31 = -7*i. Suppose -10*g + 628 = -12*g. What is the units digit of (i/4)/(3/g)?
7
Let h be (12 - 6)*(1 + 0). Suppose s - 5 = -h. Let y = 46 - s. What is the tens digit of y?
4
Suppose 5*a = -3*g + 18, -5*a + 10 = 2*g - 2. Let c be (g/5)/(6/(-80)). What is the tens digit of (-8)/c*17*(7 - -1)?
6
Let z be (28/7 - 1)/((-3)/(-3308)). Suppose 713 = k - 2*a + 55, -5*k = -a - z. What is the units digit of k?
2
Let v be 4/(-1 + 3)*29. Let i = 414 - 412. Let a = v - i. What is the tens digit of a?
5
Let n(g) = -12*g - 22. Let i be n(-2). What is the hundreds digit of -27 - -248 - 4/i?
2
Let m = -225 - -231. What is the hundreds digit of (-5)/(-40)*m*(2 - -466)?
3
Let i = -47 - -49. Suppose -2 - 4 = -s - 3*g, 3*s = i*g - 15. What is the tens digit of 0 + 4 + 79 + s?
8
Let d = 68 + -63. Suppose -5*v + 4*v + 5 = 5*k, d*v - 5*k - 25 = 0. Suppose -v*i + 33 + 207 = 0. What is the units digit of i?
8
Let p(r) = r**3 - 9*r**2 + 11*r + 40. Let l be p(9). Suppose -138*x = -l*x + 240. What is the tens digit of x?
4
Let i(d) = 169*d**2 - 3*d + 17. Let b be i(-5). Suppose 86*u = 95*u - b. What is the units digit of u?
3
Let h(b) = 36*b**2 - 18*b - 33. What is the units digit of h(3)?
7
Suppose 2*k + 8462 = 2*t - 0*k, -2*k + 12703 = 3*t. What is the tens digit of t?
3
Let x = 19589 + -3542. What is the tens digit of x?
4
Suppose a - 6739 = 1043*b - 1039*b, -5*a - 5*b + 33670 = 0. What is the hundreds digit of a?
7
Suppose 2*a + 56 + 24 = 0. Let v be ((-18)/15)/(6/a). What is the units digit of (-374)/(-8) + (-6)/v?
6
Suppose 3*p + 3*u = 12, -3*p + u + 5 - 1 = 0. What is the units digit of ((-488)/(-40))/(p/70)?
7
Let j(t) = -4*t**3 - 10*t**2 + 2*t + 4. Let z be j(-3). What is the tens digit of (-3 - 404/z)/(5/(-20))?
1
Let d be ((-15)/6)/((-9)/1944). Let p(z) = -81*z**2 - z + 2. Let f be p(2). Let x = d + f. What is the tens digit of x?
1
Suppose 224*f + 226*f - 466*f + 251584 = 0. What is the hundreds digit of f?
7
Let b = 11907 + -4151. What is the thousands digit of b?
7
Let y = 87131 + -41957. What is the tens digit of y?
7
Let h = 35022 + 935. What is the ten thousands digit of h?
3
Suppose -2*v - 4*g - 8 = 0, -16 - 2 = -3*v + 4*g. Suppose 3*q + o + 2*o = 258, -v*q + 4*o + 160 = 0. What is the units digit of q?
4
What is the hundreds digit of (117744/(-55))/((-1)/240*9)?
0
Let a = 411 - 11. Suppose 3*g + p = 1210, 5*g - 4*g - a = -p. What is the hundreds digit of g?
4
Suppose -3*m + 6*d + 8 = 4*d, 3*d = 2*m - 7. Let y(h) = -m*h + 0*h + 16 + 3*h. What is the tens digit of y(-5)?
1
Suppose -4*k - 12 = 2*n, -k = n - 4 + 6. Let s be 80/1 + n - -2. What is the tens digit of s + 2 + 0/(-1)?
8
Let j be (-2)/((-4004)/11988 - 3/(-9)). Suppose -10*d - 3747 = -15*d + 2*k, -k = -4*d + j. What 